{"id":268,"date":"2016-10-26T14:34:39","date_gmt":"2016-10-26T12:34:39","guid":{"rendered":"https:\/\/www.studyhelp.de\/schule\/?page_id=268"},"modified":"2022-09-13T15:22:21","modified_gmt":"2022-09-13T13:22:21","slug":"abi-motto","status":"publish","type":"page","link":"https:\/\/studyhelp.de\/abitur-ratgeber\/abi-motto\/","title":{"rendered":"Abi Motto"},"content":{"rendered":"<p>[vc_row][vc_column width=&#8220;1\/1&#8243;][vc_column_text]<\/p>\n<h2>Die Wahl des richtigen Abi Mottos<\/h2>\n<p>Einer der zentralsten Aspekte ist die Wahl eines passenden Abi Mottos. Diese sollte direkt zu Beginn der Abiturzeit stattfinden. \u00dcberlegt bei eurem ersten Stufentreffen bereits gemeinsam, wie diese Wahl stattfinden soll und holt euch gegebenenfalls bereits erste Motto Vorschl\u00e4ge ein. \u00dcberst\u00fcrzt aber nichts! Gebt jedem die Zeit, sich noch einmal Gedanken \u00fcber m\u00f6gliche Vorschl\u00e4ge zu machen.<\/p>\n<p>Mithilfe eurer Abistufen-Facebookgruppe k\u00f6nnt ihr euch ein erstes Meinungsbild einholen: Vorschl\u00e4ge in die Gruppe posten und nach Anzahl der Likes ein Ranking erstellen. Dieses Ranking stellt ihr bei einem weiteren Stufentreffen vor und lasst zwischen den drei beliebtesten Vorschl\u00e4gen durch eine geheime Zettelwahl abstimmen. Ob jeder nur einen Vorschlag oder auch eine Zweitwahl angeben darf, ist da nat\u00fcrlich euch \u00fcberlassen.<\/p>\n<p>Eine weitere Option ist die Wahl innerhalb der LKs. Die LK-Sprecher k\u00f6nnen dort die Zettel einsammeln und an die Stufensprecher weiterleiten.<\/p>\n<p>Vergesst bitte eins nicht: Nicht jedem wird das Motto zu 100% zusagen und der ein oder andere wird sich mit Sicherheit beschweren. Da ihr aber demokratisch und ehrlich abgestimmt habt, sollte euch das nicht verunsichern und ihr solltet zu eurer Entscheidung stehen. Fr\u00fcher oder sp\u00e4ter wird sich jeder mit dem Motto abfinden und sich auf seine eigene Art und Weise damit identifizieren.<\/p>\n<h2>Das Design zum Motto<\/h2>\n<p>Habt ihr euer Abi Motto erst einmal ermittelt, liegt es an euch, wie dieses als Design umgesetzt werden soll. Denn das Motto erf\u00fcllt in einem n\u00e4chsten Schritt den Zweck, dass ihr beispielsweise eure Abi Kleidung damit bedrucken lasst und eure Abi Partys mit entsprechendem Motto veranstaltet.<\/p>\n<p>Ihr k\u00f6nnt euer Motto hierzu selbst in ein Design umsetzen oder aber auch bereits existierende Abi Mottos und damit auch Designs ausw\u00e4hlen. Grunds\u00e4tzlich gilt jedoch: Je individueller desto besser wird man euch als Stufe in Erinnerung behalten.<\/p>\n<h4>Tipp<\/h4>\n<p>Fragt doch mal in eurer Stufe, ob jemand bereits Kenntnisse in Photoshop oder \u00e4hnlichen Bearbeitungsprogrammen hat und euch das Motto designen kann. So entsteht im besten Fall ein sch\u00f6nes Design, das keine andere Stufe hat.<\/p>\n<p>&nbsp;<\/p>\n<h2>Mottoideen<\/h2>\n<ul>\n<li>ABIquarium \u2013 12 Jahre unter Fischen<\/li>\n<li>ABI Saurus Rex \u2013 das Ende der Kreidezeit<\/li>\n<li>WhatsABI \u2013 zuletzt online 20XX<\/li>\n<li>KohlrABI \u2013 wir machen uns vom Acker<\/li>\n<li>TirABIsu \u2013 auch die Cr\u00e8me de la Cr\u00e8me muss mal gehen<\/li>\n<li>WasABI \u2013 die Sch\u00e4rfsten gehen<\/li>\n<li>ABI con carne \u2013 scharf im Abgang<\/li>\n<li>BasmABI \u2013 wir nehmen Reis aus<\/li>\n<li>BaABIcue \u2013 wir sind hei\u00df und brauchen Kohle<\/li>\n<li>ABIcetamol \u2013 das Ende des Schmerzes<\/li>\n<li>AB In die Freiheit<\/li>\n<li>AB Ins Vergn\u00fcgen<\/li>\n<li>12 Jahre Besch\u00e4ftigungstherABI<\/li>\n<li>Schei\u00df auf Schule \u2013 Hauptsache gutABIzeps<\/li>\n<li>KarABIner \u2013 nichts kann uns halten<\/li>\n<li>A.B.I. \u2013 Artificially Built Intelligence<\/li>\n<li>ABIpedia \u2013 es war alles nur geklaut<\/li>\n<li>SimsalABIm \u2013 wie geschafft ist schleierhaft<\/li>\n<li>ABI Kadabra \u2013 der Zauber hat ein Ende<\/li>\n<li>ABI \u2013 ein Drama in 12 Akten<\/li>\n<li>ABIdur \u2013 nie wieder Moll<\/li>\n<li>ABIcouture \u2013 vom Hugo zum Boss<\/li>\n<li>HABIwaii \u2013 reif f\u00fcr die Insel<\/li>\n<li>ABIvegas \u2013 12 Jahre Gl\u00fccksspiel<\/li>\n<li>ABIkropolis \u2013 die G\u00f6tter verlassen den Olymp<\/li>\n<li>ABI Dhabi \u2013 Scheiche gehen, Kamele bleiben<\/li>\n<li>ABIwood \u2013 Klappe die Letzte!<\/li>\n<li>12 Jahre Walk of Fame \u2013 Die Stars gehen, die Fans bleiben<\/li>\n<li>LABIrinth \u2013 planlos zum Ziel<\/li>\n<li>SokrABItes \u2013 ich weiss, dass ich nichts weiss<\/li>\n<li>ABI Einstein \u2013 Intelligenz ist relativ<\/li>\n<li>BArBIe \u2013 yes we Ken<\/li>\n<li>ABIwehr \u2013 getarnte Intelligenz<\/li>\n<li>FerrABI \u2013 ein Leben auf der \u00dcberholspur<\/li>\n<li>ABIkini \u2013 knapp, aber passt schon<\/li>\n<li>rABIoaktiv \u2013 ein strahlender Abgang<\/li>\n<li>ABIlity \u2013 zu allem f\u00e4hig, aber zu nichts zu gebrauchen<\/li>\n<li>ABInanzkrise \u2013 jetzt kommt das Wirtschaftswunder<\/li>\n<li>KABItulation \u2013 wir ziehen ab<\/li>\n<li>ABIpunktur \u2013 jeder Punkt kostet Nerven<\/li>\n<li>ABInastik \u2013 die Gymnasten gehen<\/li>\n<li>C\u2019est l\u2019ABI, ch\u00e9rie<\/li>\n<li>ABIos Amigos \u2013 man sieht sich<\/li>\n<li>Die Elite braucht kein Motto!<\/li>\n<li>A=BI\u00b2 \u2013 Wissen ist relativ<\/li>\n<li>ABI ergo sum \u2013 Ich hab ABI, also bin ich!<\/li>\n<li>ABI Curie \u2013 zwischen Genie und Wahnsinn<\/li>\n<li>ABImtote \u2013 12 Jahre unterm Nullniveau<\/li>\n<li>KafkABI \u2013 der Prozess hat ein Ende<\/li>\n<li>SemipermiABIlit\u00e4t \u2013 gerade noch so durchdiffundiert<\/li>\n<li>Veni, vidi, ABI<\/li>\n<li>ABIstokratie \u2013 der Adel bittet um den letzten Tanz<\/li>\n<li>CannABIs &#8211; wir haben es durchgezogen!<\/li>\n<li>KABIt\u00e4n Blaub\u00e4r &#8211; Immer blau und trotzdem schlau<\/li>\n<li>ABI 2,010 \u2030 &#8211; Meist dichter als Denker<\/li>\n<li>HABI Potter &#8211; Wir verlassen die Kammer des Schreckens<\/li>\n<li>ABIthur &#8211; Wenn das Elite von die Gymnahsium gehen tut<\/li>\n<li>A BItch &#8211; F\u00fcr einen Punkt tue ich alles!<\/li>\n<li>HABI Potter \u2013 Vom Stein zum Weisen<\/li>\n<li>ABIcrombie &amp; Fitch &#8211; Models gehen, Elche bleiben (Abercrombie &amp; Fitch)<\/li>\n<li>LABIrinth &#8211; Planlos zum Ziel<\/li>\n<li>SemipermeABIlit\u00e4t &#8211; Nur die Besten kommen durch<\/li>\n<li>KohlrABI &#8211; Wir machen uns vom Acker<\/li>\n<li>ABIgasmus &#8211; Aber das war nur das Vorspiel<\/li>\n<li>TirABIsu &#8211; Auch die Cr\u00e8me de la Cr\u00e8me muss mal gehen&#8230;<\/li>\n<li>ABI\u00a0&#8211; Amtlich best\u00e4tigte Inkompetenz<\/li>\n<li>ABI heute, Captain morgen!<\/li>\n<li>AB In die Jogginghose &#8211; Hartz4 wartet!<\/li>\n<li>ABIpedia &#8211; XX Jahre geklaut, kopiert und eingef\u00fcgt (Wikipedia )<\/li>\n<li>ABIkini &#8211; Knapp, aber passt schon<\/li>\n<li>Hakuna MatABI &#8211; Haste Abi biste K\u00f6nig! (K\u00f6nig der L\u00f6wen )<\/li>\n<li>ABI Rouge &#8211; Raus aus dem Rotstiftmilieu!<\/li>\n<li>ABIpedia &#8211; Wissen hei\u00dft wissen, wo Wissen steht!\u00a0(Wikipedia )<\/li>\n<li>&#8218;AB Isch nischt gerafft<\/li>\n<li>HABI\u00a0Potter &#8211; XX Jahre lang durchgemuggelt<\/li>\n<li>ABI\u00a0007 &#8211; Mission erf\u00fcllt! Frag niemals wie&#8230;<\/li>\n<li>Baum &#8211; Das etwas andere\u00a0ABImotto<\/li>\n<li>BABIcue &#8211; wir sind hei\u00df und brauchen Kohle!<\/li>\n<li>ABI XX &#8211; Noch mehr Bildung w\u00e4re Arrogant<\/li>\n<li>How I get my\u00a0ABI\u00a0&#8211; It was legen&#8230; (wait for it) &#8230;dary<\/li>\n<li>KokABIn &#8211; Wir haben die Nase voll!<\/li>\n<li>ABIKEA &#8211; Lernst du noch oder lebst du schon?<\/li>\n<li>GABI\u00a0&#8211; Es war eng aber geil!<\/li>\n<li>Bis(s) zum\u00a0ABI\u00a0&#8211; und endlich ist der Schei\u00df vorbei<\/li>\n<li>ABI\u00a0XX &#8211; Galileo ist tot, Newton ist tot und mir wird auch schon schlecht<\/li>\n<li>ABI\u00a0XX &#8211; 12 Years a Slave<\/li>\n<li>ABI\u00a0XX &#8211; die G\u00f6tter verlassen den Olymp<\/li>\n<li>ABI\u00a0looking for Freedom<\/li>\n<li>ABIpunktur &#8211; Jeder Punkt kostet Nerven\u00a0(Akupunktur )<\/li>\n<li>BArBIe XX &#8211; Yes we Ken!\u00a0(Barbie )<\/li>\n<li>ABI\u00a0XX &#8211; Alles begann mit einer (Schul-)T\u00fcte. Danke f\u00fcr den Stoff!<\/li>\n<li>ABIturiEnten &#8211; 12 Jahre rumged\u00fcmpelt.<\/li>\n<li>TeletABI\u00a0&#8211; Winke Winke<\/li>\n<li>ABI\u00a0Baba und die 40 Klausuren<\/li>\n<li>NABIgation &#8211; Sie haben ihr Ziel erreicht<\/li>\n<li>CannABIs &#8211; XX Jahre sind gebongt<\/li>\n<li>AB In die Arbeitslosigkeit: 4 Millionen wir sind dabei!<\/li>\n<li>ABIlity &#8211; Wir gehen, weil wir es k\u00f6nnen.<\/li>\n<li>KABItalismus &#8211; XX Jahre Klassenkampf<\/li>\n<li>Mit dem\u00a0ABI\u00a0in den H\u00e4nden werden Helden zu Legenden!<\/li>\n<li>Circus\u00a0ABIgalli &#8211; Du bist verhaftet wegen sexy<\/li>\n<li>ABIzeneca &#8211; zum Schluss dch zugelassen<\/li>\n<li>CoronABI &#8211; 1,5 hatte nur der Abstand<\/li>\n<li>\u00a0CoronABI \u2013 Mit Abstand die Besten<\/li>\n<li>CoronABI \u2013 Nicht nur die Schule hat uns Krank gemacht<\/li>\n<li>CoronABI \u2013 wir gehen viral<\/li>\n<li>CoronABI \u2013 Abschluss unter Quarant\u00e4ne<\/li>\n<li>CoronABI \u2013 wir hamstern Bier statt Klopapier<\/li>\n<li>CoronABI \u2013 zu Hause geblieben, trotzdem bekommen<\/li>\n<li>CoronABI \u2013 unsere Stimmung ist ansteckend<\/li>\n<li>CoronABI \u2013 kranker Ab(i)gang<\/li>\n<li>CoronABI \u2013 schw\u00e4nzen auf Anweisung<\/li>\n<li>Covid 22 \u2013 ABIn Quarant\u00e4ne<\/li>\n<li>Maskenball statt Abiball<\/li>\n<li>QuABIt\u00e4ne &#8211; Die Schule war \u00f6fter dicht als wir<\/li>\n<li>QuarantABI \u2013 Achtung! Hohe VIERenlast<\/li>\n<li>TeletABI &#8211; Winke Winke<\/li>\n<li>\u00a0TirABIsu &#8211; Auch die Cr\u00e8me de la Cr\u00e8me muss mal gehen&#8230;<\/li>\n<li>TrABI \u2013 12 Jahre Wartezeit!<\/li>\n<li>TsunABI &#8211; nach uns die Sintflut<\/li>\n<li>SemipermeABIlit\u00e4t &#8211; Nur die Besten kommen durch<\/li>\n<li>SchizophrABI \u2013 Ich hab ABI \u2013 Ich auch!<\/li>\n<li>StABIlo \u2013 Wir gehen endlich stiften<\/li>\n<li>Don\u2019t worry, ABI happy!<\/li>\n<li>DuschkABIne \u2013 Wir brausen ab<\/li>\n<li>SwABIrowski \u2013 Die Diamanten sind geschliffen<\/li>\n<li>BABIcue \u2013 Wir sind hei\u00df und brauchen Kohle<\/li>\n<li>BABIlon \u2013 Und das war erst der Anfang<\/li>\n<li>BacABI Feeling<\/li>\n<li>BArBIe \u2013 Yes, we Ken!<\/li>\n<li>Block: 2EUR Stifte: 5EUR Abitur: unbezahlbar<\/li>\n<li>BrausetABIlette \u2013 Wir zischen ab<\/li>\n<li>KABInett \u2013 Die Chefetage geht<\/li>\n<li>KABItalismus \u2013 XX Jahre Klassenkampf<\/li>\n<li>KafkABI \u2013 Der Prozess hat ein Ende<\/li>\n<li>KarABIner \u2013 Nichts kann uns halten<\/li>\n<li>KennABI \u2013 Ick bin ein Abiturient!<\/li>\n<li>KleptomABIe \u2013 Wir stehlen uns davon<\/li>\n<li>KGB \u2013 Kampf gegen die Bl\u00f6dheit \u2013 Wir haben gesiegt<\/li>\n<li>KohlrABI \u2013 Wir machen uns vom Acker<\/li>\n<li>MABIfiosi \u2013 XX Jahre abgezockt<\/li>\n<li>MafiABI \u2013 XX Jahre unorganisiertes Verbrechen<\/li>\n<li>Mahatma ABI, Mahatma\u2019s nicht!<\/li>\n<li>MilkABI \u2013 Die zarteste Versuchung seit es Abiturienten gibt<\/li>\n<li>Muhammad ABI \u2013 Sieg nach Punkten<\/li>\n<li>My heart skips ABI<\/li>\n<li>PABI Schlumpf \u2013 XX Jahre blau<\/li>\n<li>PandABI \u2013 Die letzten ihrer Art<\/li>\n<li>PirABI \u2013 alle Mann von Board!<\/li>\n<li>Veni, vidi, abi<\/li>\n<li>Vitamin C, E und ABI \u2013 Wir sind gest\u00e4rkt<\/li>\n<li>VokABI \u2013 Voll im Lernstress<\/li>\n<\/ul>\n<h3>Von einem Motto hin zur Mottowoche<\/h3>\n<p>Viele Stufen veranstalten zus\u00e4tzlich zu Abi Partys und \u00e4hnlichen Veranstaltungen eine Mottowoche. Diese ist f\u00fcr gew\u00f6hnlich eure allerletzte Unterrichtswoche, kurz bevor die Abi Pr\u00fcfungen anstehen. In der Mottowoche kommen alle Sch\u00fcler der Abiturstufe entsprechend verschiedener Mottos gekleidet zur Schule. Das Ganze dient dazu, es in der letzten Woche noch einmal krachen zu lassen und die Schulzeit mit einer ordentlichen Portion Spa\u00df zu beenden. Bei der Wahl der einzelnen Mottos w\u00e4hrend der Woche sind euch kaum Grenzen gesetzt. Beispielsweise k\u00f6nnt ihr euch an eurem Abi Motto orientieren und alle Mottos der Woche daran anlehnen.<\/p>\n<p>Einige Mottos, die ihr beispielsweise nutzen k\u00f6nnt, sind:<\/p>\n<ul>\n<li>Helden der Kindheit<\/li>\n<li>Geschlechtertausch<\/li>\n<li>Bad Taste<\/li>\n<li>Parodie der anderen Schulen<\/li>\n<li>Grandpa\/Grandma<\/li>\n<li>80s\/90s<\/li>\n<li>Hippie<\/li>\n<li>Rocker\/Punks<\/li>\n<li>Berufswunsch<\/li>\n<li>Erster Schultag<\/li>\n<li>Lifestyle of the rich and famous<\/li>\n<\/ul>\n<p>Lasst eurer Kreativit\u00e4t freien Lauf und genie\u00dft eure Mottowoche![\/vc_column_text][\/vc_column][\/vc_row]<\/p>\n","protected":false},"excerpt":{"rendered":"<p>[vc_row][vc_column width=&#8220;1\/1&#8243;][vc_column_text] Die Wahl des richtigen Abi Mottos Einer der zentralsten Aspekte ist die Wahl eines passenden Abi Mottos. Diese sollte direkt zu Beginn der Abiturzeit stattfinden. \u00dcberlegt bei eurem ersten Stufentreffen bereits gemeinsam, wie diese Wahl stattfinden soll und holt euch gegebenenfalls bereits erste Motto Vorschl\u00e4ge ein. \u00dcberst\u00fcrzt aber nichts! Gebt jedem die Zeit, [&hellip;]<\/p>\n","protected":false},"author":1,"featured_media":0,"parent":0,"menu_order":0,"comment_status":"closed","ping_status":"closed","template":"","meta":[],"_links":{"self":[{"href":"https:\/\/studyhelp.de\/abitur-ratgeber\/wp-json\/wp\/v2\/pages\/268"}],"collection":[{"href":"https:\/\/studyhelp.de\/abitur-ratgeber\/wp-json\/wp\/v2\/pages"}],"about":[{"href":"https:\/\/studyhelp.de\/abitur-ratgeber\/wp-json\/wp\/v2\/types\/page"}],"author":[{"embeddable":true,"href":"https:\/\/studyhelp.de\/abitur-ratgeber\/wp-json\/wp\/v2\/users\/1"}],"replies":[{"embeddable":true,"href":"https:\/\/studyhelp.de\/abitur-ratgeber\/wp-json\/wp\/v2\/comments?post=268"}],"version-history":[{"count":11,"href":"https:\/\/studyhelp.de\/abitur-ratgeber\/wp-json\/wp\/v2\/pages\/268\/revisions"}],"predecessor-version":[{"id":3159,"href":"https:\/\/studyhelp.de\/abitur-ratgeber\/wp-json\/wp\/v2\/pages\/268\/revisions\/3159"}],"wp:attachment":[{"href":"https:\/\/studyhelp.de\/abitur-ratgeber\/wp-json\/wp\/v2\/media?parent=268"}],"curies":[{"name":"wp","href":"https:\/\/api.w.org\/{rel}","templated":true}]}}