{"id":275,"date":"2016-10-26T15:11:40","date_gmt":"2016-10-26T13:11:40","guid":{"rendered":"https:\/\/www.studyhelp.de\/schule\/?page_id=275"},"modified":"2019-10-16T16:09:49","modified_gmt":"2019-10-16T14:09:49","slug":"abi-shirts","status":"publish","type":"page","link":"https:\/\/studyhelp.de\/abitur-ratgeber\/abi-shirts\/","title":{"rendered":"Abi Shirts"},"content":{"rendered":"<p>[vc_row][vc_column width=&#8220;1\/1&#8243;][vc_column_text]<\/p>\n<h2>Kleider machen Leute &#8211; eure Abi Shirts<\/h2>\n<p>Insbesondere an die Abi Shirts wird h\u00e4ufig zu sp\u00e4t gedacht. Daher sollte rechtzeitig, d.h. mindestens zwei Monate vorher, mit dem Brainstorming und der Suche nach Kooperationspartnern begonnen werden. Da nahezu alle Schulen ihre Kleidung gegen Ende der Abiturphase bedrucken lassen, sollte die Vorlage ca. drei bis vier Wochen im Voraus bei der entsprechenden Druckerei eingereicht werden.<\/p>\n<h3>Der Weg zu individuellen Abi Shirts<\/h3>\n<p class=\"Text\">Welche Kleidungsst\u00fccke? Welcher Anbieter?<\/p>\n<p class=\"Text\">Nach der ersten Zusammenfindung des Gremiums solltet ihr mit der gesamten Stufe \u00fcberlegen, welche Shirts angeboten werden sollen. Die meisten Abiturjahrg\u00e4nge entscheiden sich f\u00fcr Pullover oder T-Shirts. Hierf\u00fcr legt ihr euch zun\u00e4chst auf eine passende Druckerei fest.<\/p>\n<p><strong>Aprospros Druckerei\u2026<\/strong><\/p>\n<p>Wenn ihr bei Internet-Suchmaschinen Stichworte wie \u201eAbipullis\u201c oder \u201eAbishirts\u201c eingebt, so werdet ihr feststellen, dass ihr als Ergebnis zahlreiche Anbieter mit den verschiedensten Angeboten erhaltet. Preise, Qualit\u00e4t und Service variieren von Druckerei zu Druckerei.<\/p>\n<p>Es gibt zwei M\u00f6glichkeiten der Anbieterwahl &#8211; diese sollte gut \u00fcberlegt sein:<\/p>\n<h3>1. Lokale Druckerei. Entscheidet man sich f\u00fcr eine lokale Druckerei so entstehen diverse Vorteile:<\/h3>\n<ul>\n<li>Enger Kontakt. Durch den pers\u00f6nlichen Kontakt entstehen deutlich weniger Missverst\u00e4ndnisse in der Kommunikation. Bei Problemen oder Schwierigkeiten kann man zudem schnell vor Ort sein und diese kl\u00e4ren.<\/li>\n<li>Keine Versandzeiten und -kosten. Auf diese Weise entstehen nat\u00fcrlich auch keinerlei Versandkosten. Insbesondere Muster und Test-Designs stehen so kostenfrei und schneller zur Verf\u00fcgung. Hierbei sollte allerdings bedacht werden, dass lokale Druckereien h\u00e4ufig entsprechend kleinere Unternehmen sind, weshalb es sein kann, dass sie die Muster auch erst vom Lieferanten bestellen m\u00fcssen. Dies f\u00fchrt wiederum zu l\u00e4ngeren Wartezeiten.<\/li>\n<\/ul>\n<h3>2. Online-Druckereien<\/h3>\n<ul>\n<li>F\u00fcr Online-Druckereien sollte man sich entscheiden, wenn die Priorit\u00e4t vor allem auf g\u00fcnstigen Preisen liegt. Zwar unterscheiden sich die Preise von Online-Druckereien h\u00e4ufig sehr stark von den Preisen lokaler Druckereien, jedoch erh\u00e4lt man dort keine Qualit\u00e4ts- und Servicegarantie.<\/li>\n<\/ul>\n<h3>Welches Modell? Welche Farbe? Welche Gr\u00f6\u00dfe?<\/h3>\n<p>Wenn ihr euch f\u00fcr eine Auswahl mit diversen Anbietern entschieden habt, solltet ihr auf der n\u00e4chsten Stufenversammlung auf Modelle und Farben einigen. Erfahrungsgem\u00e4\u00df empfiehlt es sich, f\u00fcr alle Stufenmitglieder das gleiche Modell in der gleichen Farbe zu bestellen, da ihr auf diese Weise von Mengenrabatten profitiert.\u00a0Da ihr so eine hohe Artikelzahl bestellt, sollte bei jedem Anbieter ein Mengenrabatt drin sein!\u00a0Nach der Einigung auf Modell und Farbe, bestellt ihr bei der Druckerei Musterartikel in jeder Gr\u00f6\u00dfe. In den Pausen solltet ihr mehrere Termine zur Anprobe anbieten, sodass niemand die falsche Gr\u00f6\u00dfe bestellt.\u00a0Das Kleidungsteam sollte hierf\u00fcr Listen anfertigen, in die jeder Sch\u00fcler seine Wunschgr\u00f6\u00dfe eintragen kann.<\/p>\n<h3>Welches Logo? Welche Schrift?<\/h3>\n<p>Das Logo kann entweder selbst erstellt werden, oder es wird ein bereits bestehendes verwendet (auf Datenschutz und Bildrechte achten!). Lasst der Druckerei das Logo und eine \u00dcbersicht \u00fcber Modell, Farbwahl und Anzahl der jeweiligen Gr\u00f6\u00dfen zukommen. Beim Logo ist zu beachten, dass es einheitlich ist: Abimotto und -logo spiegeln euren gesamten Abiturjahrgang wieder. Daher sollte es auf s\u00e4mtlichen Abbildungen (wie z.B. in der Abizeitung und auf den Pullovern) identisch aussehen.<\/p>\n<p>Viele Stufen positionieren auf der Vorderseite ihrer Abi Shirts das Schullogo und auf der R\u00fcckseite eine Liste mit allen Mitgliedern der Stufe. Solltet ihr euch f\u00fcr das gleiche Design entscheiden, ist es wichtig, der Druckerei eben dieses Logo und die Liste zukommen zu lassen. Zudem m\u00fcsst ihr euch f\u00fcr eine passende Schriftart entscheiden.<\/p>\n<p><strong>Endspurt!<\/strong><\/p>\n<p>Nach dem endg\u00fcltigen Abschicken der Bestellung dauert es meistens zwei bis vier Wochen, bis ihr eure Kleidung erhaltet. Kl\u00e4rt vorab mit dem Sekretariat oder der Schulleitung ab, ob eure Bestellung direkt an der Schule eingehen darf, so habt ihr keinerlei Transportschwierigkeiten. Anhand der vorab erstellten Liste mit den Wunschgr\u00f6\u00dfen k\u00f6nnt ihr nun die Kleidung austeilen.<\/p>\n<p><strong>Sonstige Tipps<\/strong><\/p>\n<p>Ein wirklich empfehlenswerter Aspekt ist folgender: Die Artikel sollten erst bestellt werden, wenn wirklich jeder einzelne bezahlt wurde. So entstehen keine unn\u00f6tigen Kosten f\u00fcr die Stufenkasse. Die Bezahlung kann entweder \u00fcber das Bankkonto oder bar geregelt werden.[\/vc_column_text][\/vc_column][\/vc_row]<\/p>\n","protected":false},"excerpt":{"rendered":"<p>[vc_row][vc_column width=&#8220;1\/1&#8243;][vc_column_text] Kleider machen Leute &#8211; eure Abi Shirts Insbesondere an die Abi Shirts wird h\u00e4ufig zu sp\u00e4t gedacht. Daher sollte rechtzeitig, d.h. mindestens zwei Monate vorher, mit dem Brainstorming und der Suche nach Kooperationspartnern begonnen werden. Da nahezu alle Schulen ihre Kleidung gegen Ende der Abiturphase bedrucken lassen, sollte die Vorlage ca. drei bis [&hellip;]<\/p>\n","protected":false},"author":1,"featured_media":0,"parent":0,"menu_order":0,"comment_status":"closed","ping_status":"closed","template":"","meta":[],"_links":{"self":[{"href":"https:\/\/studyhelp.de\/abitur-ratgeber\/wp-json\/wp\/v2\/pages\/275"}],"collection":[{"href":"https:\/\/studyhelp.de\/abitur-ratgeber\/wp-json\/wp\/v2\/pages"}],"about":[{"href":"https:\/\/studyhelp.de\/abitur-ratgeber\/wp-json\/wp\/v2\/types\/page"}],"author":[{"embeddable":true,"href":"https:\/\/studyhelp.de\/abitur-ratgeber\/wp-json\/wp\/v2\/users\/1"}],"replies":[{"embeddable":true,"href":"https:\/\/studyhelp.de\/abitur-ratgeber\/wp-json\/wp\/v2\/comments?post=275"}],"version-history":[{"count":5,"href":"https:\/\/studyhelp.de\/abitur-ratgeber\/wp-json\/wp\/v2\/pages\/275\/revisions"}],"predecessor-version":[{"id":2565,"href":"https:\/\/studyhelp.de\/abitur-ratgeber\/wp-json\/wp\/v2\/pages\/275\/revisions\/2565"}],"wp:attachment":[{"href":"https:\/\/studyhelp.de\/abitur-ratgeber\/wp-json\/wp\/v2\/media?parent=275"}],"curies":[{"name":"wp","href":"https:\/\/api.w.org\/{rel}","templated":true}]}}